4*x, -4*x + 7*x = -4*j + 148. Let c = -62 + j. Let l be 27/(-5) + (-10)/c. Determine i(l).
2
Let a(z) = -361 - z**3 + 361 + 2*z + 4*z**2 + 0*z**2. Determine a(4).
8
Let r(c) = 2*c + 31. Suppose -34*g = -2*g + 480. Give r(g).
1
Let v(i) be the second derivative of 1/12*i**4 + 5/2*i**2 + i**3 + 0 + 28*i. What is v(-6)?
5
Let o(p) = -10*p + 12. Let s(d) = -3*d + 1. Let u(r) = -o(r) + 4*s(r). Suppose 5*f = -0*i + 2*i - 45, -i = 4*f + 23. What is u(f)?
6
Let x(g) = -g**2 + 10*g - 3. Let u be x(9). Let f be ((-2)/(-4))/(u/36). Let j(p) = -3*p + f*p - p**2 + p + 0*p. Determine j(4).
-12
Let v(d) = -5*d**3 + 5*d**2 + 1. Let z(r) = -2*r + r**2 - 2*r + 4*r. Let p(a) = v(a) - 5*z(a). Let k(x) = -23*x**2 + 205*x + 19. Let q be k(9). What is p(q)?
-4
Let b(w) = -11*w**3 - 11*w**2 + 6*w - 5. Let m(c) = -9*c**3 - 9*c**2 + 5*c - 4. Let r(j) = -5*b(j) + 6*m(j). Let z = -6 - -8. What is r(z)?
13
Let z(c) = 0 + 1 - 4*c + 1. Let o(l) = -l**2 + 54*l - 2. Let a be o(54). Determine z(a).
10
Let k be (-2)/26 - 5760/(-520). Let f(m) = m - 12. Calculate f(k).
-1
Let f(v) = -4*v**3 - 6*v**2 + 3*v**3 - 8 + 6 - 1. Let n be f(-6). Let t(o) = -3*o - 1. Let g(m) = -5*m - 1. Let w(r) = -5*g(r) + 8*t(r). What is w(n)?
-6
Let w = 40 + -34. Let k(l) = 5 + 4*l + 0*l - w*l**2 - 8*l - 4*l**3 + 3*l**3. Determine k(-5).
0
Let t(z) = -z**3 + 7*z**2 - 5*z - 8. Let y be 7/28 + 54/8. Let n(w) = -3 + 4 - w + 4*w**2 + y*w - w**3. Let s be n(5). Calculate t(s).
-2
Let j(h) = -h**3 - 4*h**2 + 6*h + 3. Let b = -9 - -4. Let r(z) = -z**2 - 8*z - 5. Let l be r(b). Suppose -3*o = -l + 25. Give j(o).
-2
Let i be 88/15 - (-8)/60. Let v(l) = l**2 + l. Let h(k) = 4*k**2 - 2*k + 5. Let x(u) = h(u) - 3*v(u). Give x(i).
11
Let q(o) be the third derivative of -o**4/6 + 31*o**3/6 - 250*o**2. Calculate q(7).
3
Let j(p) = -1 - 149*p + 429*p - 139*p - 140*p. Determine j(-3).
-4
Let d = 1868 + -1878. Let p(q) = -q**3 - 8*q**2 + 21*q + 4. Determine p(d).
-6
Let j(d) be the first derivative of 5 - 9*d + 1/3*d**3 - 9/2*d**2. Let k be j(10). Let m(y) = -8*y**3 - y + 1. Determine m(k).
-8
Let g(h) = -27*h**3 + h - 1 + 3*h**2 - 11*h**3 - 3*h**2 - h**2 - h**3. Determine g(1).
-40
Let i be 1 + (2 + -1)*1. Suppose -i*r - 2*r = -20. Let j(z) be the second derivative of -z**5/20 + 5*z**4/12 + z**3/3 - 5*z**2/2 + 640*z. What is j(r)?
5
Let m = -65 + 62. Let p(l) = 4*l**2 - 4*l - 1. Let j(u) = 11*u**2 - 11*u - 2. Let x(n) = m*j(n) + 8*p(n). Determine x(2).
-4
Let b(r) be the first derivative of -3*r**2/2 + 2*r + 159. What is b(-3)?
11
Let p be 2/(-29 - -29 - 2/(-4)). Let f(b) = -3*b - 1. Calculate f(p).
-13
Let r(g) be the second derivative of -g**5/10 + g**4 + g**3/2 - 6*g**2 - 93*g. Give r(6).
6
Let i(f) = -f**3 + 7*f**2 + 8*f + 1. Suppose -5*q = -10*q + 5. Let m = q + 7. Let y be i(m). Let z(h) = -5*h**3 - 2*h**2 + h. Calculate z(y).
-6
Let g(y) = y**2 + 7*y + 5. Let v = -7 + -7. Let f(p) = p**2 + 14*p + 10. Let z be f(v). Let k be -2 - -6 - (z - -1). Determine g(k).
5
Let c(k) = -k**3 - 53 + 26 + 11*k**2 + 26. Let a = -13 + 24. Let b be c(a). Let s(u) = -9*u - 1. Give s(b).
8
Let t = -205 + 211. Let d(w) = w**2 - 6*w + 11. Calculate d(t).
11
Let q(b) = b**2 + 11*b + 18. Let i be ((-16)/(-20))/((-5)/50). Determine q(i).
-6
Suppose 3 = -3*n - 3*a, 8 + 7 = 5*a. Let w(u) = 3*u + 8. Give w(n).
-4
Suppose -5*y - 52 = 13. Let q = 18 + y. Let j(a) = a**2 + 3*a - 1. Let d(z) = 3*z**2 + 6*z - 2. Let l(o) = 2*d(o) - 5*j(o). What is l(q)?
11
Let j(l) be the second derivative of l**3/6 + 3*l**2/2 + 7*l + 1. Give j(6).
9
Let h = 64 + -61. Let n(g) = -g**2 + 2*g - 3. Determine n(h).
-6
Suppose 4*l - 7 - 1 = 0. Let u(b) = -39*b. Let v(k) = 7*k. Let g(m) = -2*u(m) - 11*v(m). What is g(l)?
2
Let l(z) = z**2 + z + 1. Let m be (-12)/8*(-1 + -3). Let q be (-8)/m*72/48. Calculate l(q).
3
Let v(k) = k + 5. Suppose 5*h - 5*m + 21 - 51 = 0, 3*h + 10 = -4*m. Determine v(h).
7
Let i(u) = -2*u**2 + 6*u - 13. Let a(t) = -3*t**2 + 7*t - 15. Let o(k) = -3*a(k) + 4*i(k). Determine o(-5).
3
Let t(a) = -a - 1. Suppose 15*g + 5*i = 11*g - 100, -5*g - 154 = -i. Suppose 2*l = 6, 4*f - 4*l = -f - 137. Let h = f - g. Calculate t(h).
-6
Suppose -13*b = -6*b + 7. Let t(u) = 4*u. Give t(b).
-4
Suppose a + a = 6. Let i(k) = -9*k**a - 8*k**3 + 16*k**3 - 3*k + 6 + 4*k**2. Determine i(4).
-6
Let z be 1/3*(-9 - -5)*-12. Let k(w) = w**3 - 17*w**2 + 19*w - 29. Give k(z).
19
Let c(v) be the first derivative of v**3/3 - v**2/2 + 7*v + 6. Let a = 18 + -12. Let k = a + -6. Give c(k).
7
Suppose -4*o + 4*y = -620, 4*o + 8*y = 3*y + 638. Let h(x) = 4*x**2 + 156 - 3*x**2 - 11*x**3 - o. Calculate h(-1).
11
Suppose -3*x + 6*x = 21. Let f(j) be the first derivative of -j**2/2 + 9*j + 5262. Calculate f(x).
2
Let j(b) = b**3 + 6*b**2 + 5*b + 2. Suppose -35 + 19 = 4*l. Determine j(l).
14
Let w(q) = -q**2 + 8*q + 7. Let n(l) = l**3 + 7*l**2 + 8*l - 5. Let i be n(-6). Let a be (-16)/(-32) - i/2. Determine w(a).
-2
Let n(v) be the first derivative of 0*v**2 + 0*v + 6 - 1/60*v**5 + 1/6*v**4 - 5/3*v**3 - 1/360*v**6. Let c(d) be the third derivative of n(d). Determine c(-3).
1
Let u(v) = v**3 + 6*v**2 + 2*v - 3. Let h(s) = -3*s + 7. Let w be (56/(-35))/((-4)/10). Let p be h(w). Give u(p).
12
Let l = 60 + 5. Let n = -60 + l. Let p(q) = -q**2 + 0*q**2 - 1 - 1 + 4*q - 3. Determine p(n).
-10
Let q(g) be the first derivative of 2*g**3 + 3*g - 3*g**2 - 1/4*g**4 + 3. Give q(5).
-2
Let q(u) = 2*u - 3. Let y = 80 + -86. Calculate q(y).
-15
Let h(z) = -z**3 + 8*z**2 + 8*z + 3. Let p be 3*((-144)/(-8))/6. Calculate h(p).
-6
Let w(t) be the first derivative of t**4/4 + 7*t**3/3 - 3*t**2 + 8*t + 135. Suppose 3*n = 5*y + 28, y - n + 1 = -3. Determine w(y).
-8
Let l = -19 + 23. Let v(z) = 0*z**3 + 2*z - l*z - 5*z**2 - z**3 - 6 - 2*z. Suppose m + 8 = -m. Calculate v(m).
-6
Suppose 5*f + 5*m = 185, 0 = -4*f - 2*m + 36 + 104. Let y be 0*(27/f - (-10)/55). Let s(g) = -g - 2. What is s(y)?
-2
Let a(u) = -51*u - 31. Let x(v) = 43*v + 29. Let k(n) = -5*a(n) - 6*x(n). Determine k(-7).
2
Let h(k) = 8*k - 24. Let b(m) = 13*m - 36. Let p(o) = -5*b(o) + 8*h(o). What is p(-18)?
6
Let i(n) = -2*n + 4. Let r = -43 - -43. Suppose r = c + 6*c + 35. Give i(c).
14
Let w(y) = -y**2 + 6. Suppose 3*o - 2*q - 16 = -42, 3*q = -2*o. Let c be 14 + (o - 0) + -3*1. Determine w(c).
-19
Let c(x) = x**3 - x**2. Let t(j) = -6*j**3 + 11*j**2 - 2*j + 6. Let o(y) = 5*c(y) + t(y). What is o(4)?
30
Let p(k) = 2 - 4*k - 5 + 5*k + 4*k - 4*k. What is p(-4)?
-7
Suppose 7*f - 2*f + 2*k + 52 = 0, -2*f + 4*k = 16. Let l(r) = 3*r**2 - 5*r + 13. Let h(c) = 2*c**2 - 6*c + 12. Let j(z) = 4*h(z) - 3*l(z). Give j(f).
-1
Suppose -735 = -6*h - 717. Let b(n) = -2*n**2 + 2*n + 7. Calculate b(h).
-5
Let d(l) = l - 6. Let i be d(-4). Let r = -15 - i. Let x(t) = 2*t**2 + 7*t + 1. Calculate x(r).
16
Suppose 15 = 18*a - 39. Let i(p) be the first derivative of -2/3*p**a - p - 1/4*p**4 - 6 + 5/2*p**2. What is i(-4)?
11
Let w(h) = h**2 + 13*h - 1. Let s(i) = i**2 + 24*i - 2. Let d(g) = 6*s(g) - 11*w(g). Let y(u) = u**3 - 3*u**2 + u - 2. Let l be y(3). Calculate d(l).
-5
Let j(g) = -5 + 8 - g**3 - g - 13*g**2 - 9 + 20*g**2. Determine j(7).
-13
Let n(a) = -2*a + 5*a - 4*a - 3 + 8*a**2 + 2. Suppose 3*l = 7*l - 5*m - 49, 5*l - 10 = -4*m. Suppose 0 = 2*k - l*k - 4. Determine n(k).
8
Let r(o) = 20*o**3 - 57*o**2 - 97*o + 70. Let g(j) = 7*j**3 - 19*j**2 - 33*j + 23. Let h(m) = 17*g(m) - 6*r(m). Calculate h(20).
-9
Let s(l) = -l + 15. Suppose o + 0*o - 3 = 0. Let t be 4/12 - o/9. Give s(t).
15
Let c(n) = -3652*n**2 + 2 - 4*n + 3658*n**2 + 9*n + n**3 - 8. Calculate c(-5).
-6
Let v(b) = 7*b**2 + 11*b - 19. Let y(z) = -3*z**2 - 5*z + 10. Let k(o) = 2*v(o) + 5*y(o). Let j(t) be the first derivative of k(t). Calculate j(-4).
5
Let g = 13 - 16. Let d(t) = 19*t + 3. Let f be d(1). Let l(b) = -1 - 42*b + b**3 + f*b + 19*b + 3*b**2. Give l(g).
2
Suppose 2*z - 2*w = z + 16, 0 = -4*z + 4*w + 52. Let o(a) = 4*a**2 + 3 + a**3 - 14 + 4*a + z. Let c(f) = 3*f + 3. Let t be c(-2). Determine o(t).
-4
Let m(h) be the second derivative of h**4/12 - 2*h**3/3 + h**2/2 + 2*h + 119. Give m(5).
6
Suppose -5*v = -32 + 2. Let u(t) = 26*t + 139. Let g(m) = 6*m + 31. Let f(h) = 9*g(h) - 2*u(h). Calculate f(v).
13
Let j(x) be the second derivative of x**4/12 - x**3/6 + x**2 + x. Suppose -3*v =